- 7*y - 9*y. Give a(-1).
-25
Let s(u) = -29*u + 1. Let q(l) = -7*l. Let x(n) = 9*q(n) - 2*s(n). Suppose 5*c - 30 = -5*r, -4*r - 3*c - 21 = -8*c. Let o be r*-4*(-8 + 9). Determine x(o).
18
Let g(j) be the second derivative of j**5/20 + j**4/3 - j**3/6 + 7*j**2/2 + 29*j. Let v(a) = -6*a**2 + 0 - 2 + 3. Let p be v(-1). What is g(p)?
-13
Suppose 7*k = 6*i + 2*k - 201, 3 = k. Suppose 2*q - 45 - 15 = 0. Let c = i - q. Let t(j) = -j**3 + 7*j**2 - 6*j - 5. Determine t(c).
-5
Let q(c) = -7*c**3 + 6*c + 8. Let i(v) = -2*v**3 + 2*v + 2. Let h(w) = -3*i(w) + q(w). What is h(-2)?
10
Let d(l) = 6*l + 3. Let j be 23*14/(-140) - (-6)/20. What is d(j)?
-9
Let o(w) be the first derivative of w**5/20 - 2*w**4/3 + w**3/2 + 5*w**2/2 - 29*w + 2. Let r(z) be the first derivative of o(z). What is r(7)?
-23
Let i = 179 + -165. Suppose 5 = 2*a - 5*y - 5, 5*y + 10 = -4*a. Suppose a*v - i = 2*v. Let r(z) = z**2 + 7*z + 6. Determine r(v).
6
Let a(d) = -d**2 - 7*d + 2. Let s be a(-7). Suppose 0 = -s*r + 4*r. Let t(u) = 5*u - 5*u + 3 + r*u + 2*u**3 - 4*u - u**2. Calculate t(2).
7
Let k(f) = -3*f - 42. Let h(a) = -7*a - 103. Let s(m) = -4*h(m) + 10*k(m). What is s(-4)?
0
Let z(m) be the second derivative of 11*m**3/6 + 3*m**2/2 - 62*m. Calculate z(4).
47
Let w(b) = -b**2 - 3*b + 9. Let z be 760/(-180) + (-4)/(-54)*3. Determine w(z).
5
Let u(m) be the first derivative of m**4/4 + m**3/3 - m**2/2 - 3*m + 113. Give u(0).
-3
Let w(z) = -z**3 + 8*z**2 - 5*z - 5. Let i(t) = -25*t + 106. Let r be i(4). Give w(r).
37
Let m = -1010 - -1005. Let l(v) = -v - 16. Give l(m).
-11
Suppose -b = 2*c + 2*b + 6, -9 = 3*c + 4*b. Let r(m) be the second derivative of 3/2*m**2 + 1/12*m**4 - 39*m + 0 + 1/3*m**3. What is r(c)?
6
Let n be 64/(-14) - 8*(-5)/70. Let s(f) = f**2 + 4*f - 6. What is s(n)?
-6
Let k(v) be the first derivative of v**3/3 - 7*v**2/2 + 8*v - 76. Let l = 0 - -7. What is k(l)?
8
Suppose -5*q + t = -40, 0*t = -5*q - t + 50. Let u(s) = 10*s - 9*s + q - 6*s**2 - 2 + s**3. Give u(6).
13
Suppose 5*i = 3*y - 18 - 4, 0 = -4*i - 4*y + 8. Let a(o) = -o + 0*o - 1871 + 934 + 935. Determine a(i).
0
Suppose 0 = -20*r + 8*r - 24. Let k(w) = w**3 + w**2 + 2*w - 1. What is k(r)?
-9
Suppose -4 + 14 = 2*u + 5*b, -4*u + 2*b = 4. Let f(d) = d**2 + d. What is f(u)?
0
Let j(v) = -v + 1. Suppose 2*c = -3*c - 10. Let i be ((0 - 0)/c)/2. Suppose i*a - 24 = -4*a. What is j(a)?
-5
Let b(q) = -7*q**3 + 7*q**3 + 9*q**3 - 2*q**2 - 3*q**3 + q**2. What is b(1)?
5
Let h(x) = x**2 + 7*x + 6. Let i be h(-6). Let w(p) = p + i - 3 + 0*p + 0. Suppose 4*c = -3*n - 9, -3*c - 3*n - 7 + 1 = 0. Give w(c).
-6
Suppose 3*x + 15 = 0, -2*x - 182 = 5*o - o. Let p = 48 + o. Let b(m) = m**2 - 4*m + 1. Determine b(p).
6
Suppose 4*l - 16 - 8 = 0. Let c(y) = -9*y - 6. Let m(n) = -13*n - 9. Let d(u) = -3*c(u) + 2*m(u). Give d(l).
6
Let u(r) = -r**2 - 5*r + 3. Suppose 0 = 4*a - 5*d, -3*a - 3*d = -39 + 66. Calculate u(a).
3
Let d(v) = 1 - 96*v + v**2 + 90*v - 3 - 2. Calculate d(5).
-9
Let c(f) be the first derivative of f**3/3 - 3*f**2/2 + 6*f + 1. Suppose 0 = -11*j + 31 + 13. Determine c(j).
10
Let s = -3 - -5. Let l be -3 + 4 + 1/1. Let j(g) = g**3 + 1 + 0 + g - 2*g**l - 2*g. Calculate j(s).
-1
Let f(w) be the third derivative of -w**4/8 + 9*w**3/2 + 7*w**2. Give f(11).
-6
Let z(m) = -m**3 + 8*m**2 + 5*m - 34. Let b be z(8). Let f(x) = x - 6. Calculate f(b).
0
Let m(a) be the first derivative of -a**5/20 - 7*a**4/12 - 2*a**3/3 + a**2 + 16*a - 23. Let g(z) be the first derivative of m(z). Give g(-6).
-10
Suppose -8*y + 77*y = 207. Let k(i) = -9*i + 2. Determine k(y).
-25
Let g be 46/14 - 4/14. Let r(s) = 41*s**2 + 7*s + 19. Let p(f) = -19*f**2 - 3*f - 9. Let d(k) = -13*p(k) - 6*r(k). Give d(g).
3
Let y(i) be the first derivative of -i**3/3 - 3*i**2/2 + 13*i + 7. Let v(s) = -3*s**2 - 10*s + 38. Let m(q) = 4*v(q) - 11*y(q). Determine m(-7).
9
Let p(q) = 3*q**2 - 3*q. Let z(h) = 2*h**2 - 4*h + 1. Let k(m) = -6*m**2 + 2*m + 1. Let g be k(1). Let t(x) = g*p(x) + 4*z(x). Determine t(-6).
10
Let s(q) = 3*q**2 + 10*q - 30. Let c(g) = g**2 + 3*g - 10. Let y(p) = -17*c(p) + 6*s(p). What is y(-10)?
0
Let k(p) = 9*p - 12. Let r = -1576 + 1571. Calculate k(r).
-57
Let f(v) = 5*v**3 + 17*v**2 - 17*v - 4. Let s(k) = -k**3 - 4*k**2 + 4*k + 1. Let d(x) = -2*f(x) - 9*s(x). Suppose -m = 1, -3*m = 3*b + m - 2. Give d(b).
-5
Let u(d) = d**3 + 2*d**2 - d + 1. Suppose -i + 2 = 3*b, 5*i = 10*i + 20. Suppose 4*y + 4*l = -8, 4*y + l = b*y - 5. Give u(y).
-5
Let z be (-57)/(-4) - (-5)/(-20). Suppose 4*j = 5*t + 5 - z, 21 = -4*j + t. Let g(u) = -u**2 - 3*u - 5. Calculate g(j).
-23
Let g(c) = -c + 26. Let r(f) = f - 17. Let t = 40 - 35. Let n(u) = t*g(u) + 8*r(u). Determine n(4).
6
Let s(m) = -5*m + 42. Let f be s(6). Let u = 9 + 21. Suppose -u = -f*v + 7*v. Let t(l) = -l**3 + 6*l**2 + l + 7. What is t(v)?
13
Let s(c) be the second derivative of 10*c + 1/12*c**4 - 1/2*c**2 + 0 - 1/3*c**3. Determine s(-2).
7
Suppose 4*c + 2*k + 16 = 0, -2*c + 3*k = -2*k - 4. Let d(b) = 4*b + 3. Determine d(c).
-9
Let q(x) be the second derivative of -x**7/840 - x**6/72 + x**5/40 - x**4/12 - 8*x**3/3 - 6*x. Let u(k) be the second derivative of q(k). What is u(-5)?
-17
Let g(n) = 2*n**2 + 3*n. Let m be g(-2). Suppose -3*h - j + 20 = 0, -2*h = m*j + 2*j - 30. Let t(a) = a - 2. What is t(h)?
3
Let p(g) = -g + 4. Let a(j) = j**2 - 10*j + 19. Let t be a(8). Suppose -11 = -5*w + 3*y, 0 = t*w - w + 3*y - 17. Suppose w*d = 5*d + 6. What is p(d)?
10
Let u be (6/7)/((-1)/(-7)). Let a be (3 - 5)/(u/15). Let b(y) = 3*y. Let s(g) = 13*g - 1. Let z(p) = 9*b(p) - 2*s(p). Calculate z(a).
-3
Let g(p) be the second derivative of -5/6*p**3 + 1/3*p**4 + 1/20*p**5 + 2*p**2 + 0 - p. Give g(-5).
4
Let y = 1229/4 - 307. Let f(b) be the second derivative of y*b**4 - 1/20*b**5 + 2/3*b**3 + b + b**2 + 0. Calculate f(4).
2
Let f(b) be the first derivative of -b**3 - 11*b - 5. Let i(h) = -2*h**2 - 5. Let k be (2/(-4))/(2/(-24)). Let q(l) = k*f(l) - 13*i(l). Give q(1).
7
Let g(w) = -19*w**3 - w + 1. Let v = -25 + -40. Let o be (-4 + v/(-15))/((-2)/(-6)). Give g(o).
-19
Let a(w) = w**3 + w**2 - 5*w - 3. Let k(p) = -p**3 + 14*p**2 + 4. Let c be k(14). Suppose -3*o = c*d + 29, -7*o + d - 7 = -3*o. Calculate a(o).
-6
Let w(h) be the first derivative of -2*h**3 - h**2 + 2*h - 32. What is w(-2)?
-18
Let j(z) be the second derivative of z**4/12 + 4*z**3/3 + z**2/2 - z. Let h(s) = -4*s**2 + 30*s - 64. Let d be h(4). Calculate j(d).
1
Let g = 56 + -53. Let b(v) = 5*v - 4*v**3 + g + 0*v**3 + 4*v**2 - 7 + 3*v**3. Give b(5).
-4
Let a(i) = -i**3 - 6*i**2 - 7*i + 7. Let z(t) = -t**3 + 2. Let c(q) = -a(q) + 2*z(q). Determine c(7).
-3
Let s(c) = -c**2 - 8*c - 14. Let u be s(-7). Let i(m) = -m**2 - 5*m + 14. Give i(u).
0
Suppose 8*u = 19 - 3. Let k(a) = -79*a**2 + 40*a**u - 6*a - 5 - 3 + 40*a**2. What is k(7)?
-1
Let t(z) = z - 9. Let k = -107 + 104. Let i be (35/(-15))/(k/(-9)). Determine t(i).
-16
Let f be 39/104*(-288)/(-108). Suppose -3*g + 21 = 2*l, -4*l + l - 11 = -4*g. Let w(x) = -l*x**2 - 5*x + 5*x. Give w(f).
-3
Let a = 14 - 8. Suppose -2*n - a = n. Let h(z) = -6*z - 2. Give h(n).
10
Let k = 1 + 1. Let t(q) be the third derivative of q**5/15 + q**4/12 + 713*q**2 - q. Calculate t(k).
20
Let k(a) = -12*a**2 - 5*a + 2. Let y be k(1). Let m(p) = -p - 18. Determine m(y).
-3
Suppose -k - 5*n + 155 = 2*k, 0 = -3*k + n + 185. Let g be 4/(16/k) - -1. Let q(c) = -6 + 2*c - 6 + g + 2*c - c**2. What is q(6)?
-8
Suppose 0 = 46*t - 43*t - 24. Let c(h) be the first derivative of h**3/3 - 9*h**2/2 + 6*h + 11. Determine c(t).
-2
Let s(n) = n**2 - n. Let k = -579 + 577. Give s(k).
6
Let h(y) = y**3 + y**2 + y + 1. Let m be 104/16 + 6/(-4). Let j(t) = -t**3 + 5*t**2 + 2*t - 12. Let u be j(m). What is h(u)?
-5
Let w = 7 - -4. Let k(g) = -8*g**3 + 8*g**2 + 2*g - 9. Let m(c) = 3*c**3 - 3*c**2 - c + 3. Let n(v) = w*m(v) + 4*k(v). Calculate n(3).
6
Suppose 0 = 5*k - 28 + 58. Let w(m) = m**3 + 7*m**2 + 6*m - 10. What is w(k)?
-10
Let z(x) = -x - 2. Let o be z(-5). Let b(n) = 9*n**2 + 6*n - 4. Let g(a) = 20*a**2 + 13*a - 8. Let d(u) = 9*b(u) - 4*g(u). What is d(o)?
11
Let g(b) be the second derivative of -b**5/20 + b**2/2 - 5*b. Suppose 0 = y - x - 7, -y - 2*x + 3 + 1 = 0. Let j be ((-2)/y)/(5/15). Calculate g(j).
2
Let a = -68 + 143. Let 